Last updated on 2020-08-19 01:50:14 CEST.
Flavor | Version | Tinstall | Tcheck | Ttotal | Status | Flags |
---|---|---|---|---|---|---|
r-devel-linux-x86_64-debian-clang | 1.2.5 | 37.09 | 148.43 | 185.52 | OK | |
r-devel-linux-x86_64-debian-gcc | 1.2.5 | 30.40 | 111.02 | 141.42 | OK | |
r-devel-linux-x86_64-fedora-clang | 1.2.5 | 235.57 | NOTE | |||
r-devel-linux-x86_64-fedora-gcc | 1.2.5 | 222.49 | NOTE | |||
r-devel-windows-ix86+x86_64 | 1.2.5 | 100.00 | 248.00 | 348.00 | OK | |
r-patched-linux-x86_64 | 1.2.5 | 36.94 | 143.53 | 180.47 | OK | |
r-patched-solaris-x86 | 1.2.5 | 529.60 | NOTE | |||
r-release-linux-x86_64 | 1.2.5 | 37.12 | 144.02 | 181.14 | OK | |
r-release-macos-x86_64 | 1.2.5 | NOTE | ||||
r-release-windows-ix86+x86_64 | 1.2.5 | 101.00 | 308.00 | 409.00 | OK | |
r-oldrel-macos-x86_64 | 1.2.5 | WARN | ||||
r-oldrel-windows-ix86+x86_64 | 1.2.5 | 75.00 | 370.00 | 445.00 | OK |
Version: 1.2.5
Check: dependencies in R code
Result: NOTE
Namespace in Imports field not imported from: ‘impute’
All declared Imports should be used.
Flavors: r-devel-linux-x86_64-fedora-clang, r-devel-linux-x86_64-fedora-gcc, r-patched-solaris-x86, r-release-macos-x86_64, r-oldrel-macos-x86_64
Version: 1.2.5
Check: for executable files
Result: WARN
Found the following executable files:
inst/extra/CD_BBI_16P02/CD_BBI_16P02-R1/10/fid
inst/extra/CD_BBI_16P02/CD_BBI_16P02-R2/10/fid
inst/extra/CD_BBI_16P02/CD_BBI_16P02-R3/10/fid
inst/extra/CD_BBI_16P02/CD_BBI_16P02-R8/10/fid
Source packages should not contain undeclared executable files.
See section ‘Package structure’ in the ‘Writing R Extensions’ manual.
Flavor: r-oldrel-macos-x86_64