Last updated on 2020-08-19 01:50:14 CEST.
Flavor | Version | Tinstall | Tcheck | Ttotal | Status | Flags |
---|---|---|---|---|---|---|
r-devel-linux-x86_64-debian-clang | 1.1-1 | 6.06 | 30.68 | 36.74 | OK | |
r-devel-linux-x86_64-debian-gcc | 1.1-1 | 5.02 | 24.10 | 29.12 | OK | |
r-devel-linux-x86_64-fedora-clang | 1.1-1 | 53.27 | NOTE | |||
r-devel-linux-x86_64-fedora-gcc | 1.1-1 | 43.72 | NOTE | |||
r-devel-windows-ix86+x86_64 | 1.1-1 | 17.00 | 47.00 | 64.00 | OK | |
r-patched-linux-x86_64 | 1.1-1 | 6.02 | 30.46 | 36.48 | OK | |
r-patched-solaris-x86 | 1.1-1 | 65.50 | OK | |||
r-release-linux-x86_64 | 1.1-1 | 6.11 | 30.83 | 36.94 | OK | |
r-release-macos-x86_64 | 1.1-1 | OK | ||||
r-release-windows-ix86+x86_64 | 1.1-1 | 12.00 | 43.00 | 55.00 | OK | |
r-oldrel-macos-x86_64 | 1.1-1 | OK | ||||
r-oldrel-windows-ix86+x86_64 | 1.1-1 | 11.00 | 65.00 | 76.00 | OK |
Version: 1.1-1
Check: compiled code
Result: NOTE
File ‘Rook/libs/Rook.so’:
Found no call to: ‘R_useDynamicSymbols’
It is good practice to register native routines and to disable symbol
search.
See ‘Writing portable packages’ in the ‘Writing R Extensions’ manual.
Flavors: r-devel-linux-x86_64-fedora-clang, r-devel-linux-x86_64-fedora-gcc