Last updated on 2020-08-19 01:50:15 CEST.
Flavor | Version | Tinstall | Tcheck | Ttotal | Status | Flags |
---|---|---|---|---|---|---|
r-devel-linux-x86_64-debian-clang | 0.1.2 | 2.46 | 19.77 | 22.23 | OK | |
r-devel-linux-x86_64-debian-gcc | 0.1.2 | 1.80 | 15.75 | 17.55 | OK | |
r-devel-linux-x86_64-fedora-clang | 0.1.2 | 35.98 | NOTE | |||
r-devel-linux-x86_64-fedora-gcc | 0.1.2 | 25.97 | NOTE | |||
r-devel-windows-ix86+x86_64 | 0.1.2 | 11.00 | 33.00 | 44.00 | OK | |
r-patched-linux-x86_64 | 0.1.2 | 2.15 | 19.73 | 21.88 | OK | |
r-patched-solaris-x86 | 0.1.2 | 40.80 | NOTE | |||
r-release-linux-x86_64 | 0.1.2 | 2.46 | 19.77 | 22.23 | OK | |
r-release-macos-x86_64 | 0.1.2 | NOTE | ||||
r-release-windows-ix86+x86_64 | 0.1.2 | 10.00 | 34.00 | 44.00 | OK | |
r-oldrel-macos-x86_64 | 0.1.2 | NOTE | ||||
r-oldrel-windows-ix86+x86_64 | 0.1.2 | 5.00 | 39.00 | 44.00 | OK |
Version: 0.1.2
Check: dependencies in R code
Result: NOTE
Namespace in Imports field not imported from: ‘magrittr’
All declared Imports should be used.
Flavors: r-devel-linux-x86_64-fedora-clang, r-devel-linux-x86_64-fedora-gcc, r-patched-solaris-x86, r-release-macos-x86_64, r-oldrel-macos-x86_64