Last updated on 2020-08-19 01:50:15 CEST.
Flavor | Version | Tinstall | Tcheck | Ttotal | Status | Flags |
---|---|---|---|---|---|---|
r-devel-linux-x86_64-debian-clang | 1.0.1 | 72.13 | 81.44 | 153.57 | NOTE | |
r-devel-linux-x86_64-debian-gcc | 1.0.1 | 55.26 | 61.76 | 117.02 | NOTE | |
r-devel-linux-x86_64-fedora-clang | 1.0.1 | 210.34 | NOTE | |||
r-devel-linux-x86_64-fedora-gcc | 1.0.1 | 194.03 | NOTE | |||
r-devel-windows-ix86+x86_64 | 1.0.1 | 205.00 | 138.00 | 343.00 | NOTE | |
r-patched-linux-x86_64 | 1.0.1 | 59.62 | 78.89 | 138.51 | NOTE | |
r-patched-solaris-x86 | 1.0.1 | 221.70 | NOTE | |||
r-release-linux-x86_64 | 1.0.1 | 61.67 | 78.43 | 140.10 | NOTE | |
r-release-macos-x86_64 | 1.0.1 | NOTE | ||||
r-release-windows-ix86+x86_64 | 1.0.1 | 206.00 | 144.00 | 350.00 | NOTE | |
r-oldrel-macos-x86_64 | 1.0.1 | NOTE | ||||
r-oldrel-windows-ix86+x86_64 | 1.0.1 | 138.00 | 132.00 | 270.00 | NOTE |
Version: 1.0.1
Check: for GNU extensions in Makefiles
Result: NOTE
GNU make is a SystemRequirements.
Flavors: r-devel-linux-x86_64-debian-clang, r-devel-linux-x86_64-debian-gcc, r-devel-linux-x86_64-fedora-clang, r-devel-linux-x86_64-fedora-gcc, r-devel-windows-ix86+x86_64, r-patched-linux-x86_64, r-patched-solaris-x86, r-release-linux-x86_64, r-release-macos-x86_64, r-release-windows-ix86+x86_64, r-oldrel-macos-x86_64, r-oldrel-windows-ix86+x86_64
Version: 1.0.1
Check: dependencies in R code
Result: NOTE
Namespaces in Imports field not imported from:
‘httr’ ‘jsonlite’
All declared Imports should be used.
Flavors: r-devel-linux-x86_64-fedora-clang, r-devel-linux-x86_64-fedora-gcc, r-patched-solaris-x86, r-release-macos-x86_64, r-oldrel-macos-x86_64