CRAN Package Check Results for Package SIRE

Last updated on 2020-08-19 01:50:16 CEST.

Flavor Version Tinstall Tcheck Ttotal Status Flags
r-devel-linux-x86_64-debian-clang 1.1.0 3.11 27.18 30.29 OK
r-devel-linux-x86_64-debian-gcc 1.1.0 1.99 21.57 23.56 OK
r-devel-linux-x86_64-fedora-clang 1.1.0 45.15 NOTE
r-devel-linux-x86_64-fedora-gcc 1.1.0 35.20 NOTE
r-devel-windows-ix86+x86_64 1.1.0 11.00 36.00 47.00 OK
r-patched-linux-x86_64 1.1.0 3.15 27.23 30.38 OK
r-patched-solaris-x86 1.1.0 56.00 NOTE
r-release-linux-x86_64 1.1.0 3.04 27.06 30.10 OK
r-release-macos-x86_64 1.1.0 NOTE
r-release-windows-ix86+x86_64 1.1.0 12.00 40.00 52.00 OK
r-oldrel-macos-x86_64 1.1.0 NOTE
r-oldrel-windows-ix86+x86_64 1.1.0 6.00 57.00 63.00 OK

Check Details

Version: 1.1.0
Check: dependencies in R code
Result: NOTE
    Namespaces in Imports field not imported from:
     ‘dplyr’ ‘magrittr’ ‘psych’ ‘stringr’
     All declared Imports should be used.
Flavors: r-devel-linux-x86_64-fedora-clang, r-devel-linux-x86_64-fedora-gcc, r-patched-solaris-x86, r-release-macos-x86_64, r-oldrel-macos-x86_64