CRAN Package Check Results for Package SNPknock

Last updated on 2020-08-19 01:50:17 CEST.

Flavor Version Tinstall Tcheck Ttotal Status Flags
r-devel-linux-x86_64-debian-clang 0.8.2 79.55 220.26 299.81 OK
r-devel-linux-x86_64-debian-gcc 0.8.2 58.13 154.61 212.74 OK
r-devel-linux-x86_64-fedora-clang 0.8.2 356.02 NOTE
r-devel-linux-x86_64-fedora-gcc 0.8.2 341.30 OK
r-devel-windows-ix86+x86_64 0.8.2 203.00 350.00 553.00 NOTE
r-patched-linux-x86_64 0.8.2 61.51 205.36 266.87 OK
r-patched-solaris-x86 0.8.2 503.00 OK
r-release-linux-x86_64 0.8.2 61.17 208.62 269.79 OK
r-release-macos-x86_64 0.8.2 NOTE
r-release-windows-ix86+x86_64 0.8.2 201.00 351.00 552.00 NOTE
r-oldrel-macos-x86_64 0.8.2 NOTE
r-oldrel-windows-ix86+x86_64 0.8.2 148.00 433.00 581.00 NOTE

Check Details

Version: 0.8.2
Check: installed package size
Result: NOTE
     installed size is 6.5Mb
     sub-directories of 1Mb or more:
     extdata 3.1Mb
     libs 3.0Mb
Flavors: r-devel-linux-x86_64-fedora-clang, r-devel-windows-ix86+x86_64, r-release-macos-x86_64, r-release-windows-ix86+x86_64, r-oldrel-macos-x86_64, r-oldrel-windows-ix86+x86_64