Last updated on 2020-08-19 01:50:16 CEST.
Flavor | Version | Tinstall | Tcheck | Ttotal | Status | Flags |
---|---|---|---|---|---|---|
r-devel-linux-x86_64-debian-clang | 1.2.1 | 150.76 | 32.82 | 183.58 | OK | |
r-devel-linux-x86_64-debian-gcc | 1.2.1 | 112.19 | 25.56 | 137.75 | OK | |
r-devel-linux-x86_64-fedora-clang | 1.2.1 | 269.82 | NOTE | |||
r-devel-linux-x86_64-fedora-gcc | 1.2.1 | 252.97 | OK | |||
r-devel-windows-ix86+x86_64 | 1.2.1 | 395.00 | 72.00 | 467.00 | OK | |
r-patched-linux-x86_64 | 1.2.1 | 125.37 | 33.02 | 158.39 | OK | |
r-patched-solaris-x86 | 1.2.1 | 214.60 | OK | |||
r-release-linux-x86_64 | 1.2.1 | 120.59 | 32.72 | 153.31 | OK | |
r-release-macos-x86_64 | 1.2.1 | NOTE | ||||
r-release-windows-ix86+x86_64 | 1.2.1 | 376.00 | 69.00 | 445.00 | OK | |
r-oldrel-macos-x86_64 | 1.2.1 | OK | ||||
r-oldrel-windows-ix86+x86_64 | 1.2.1 | 278.00 | 88.00 | 366.00 | OK |
Version: 1.2.1
Check: installed package size
Result: NOTE
installed size is 7.0Mb
sub-directories of 1Mb or more:
libs 6.8Mb
Flavors: r-devel-linux-x86_64-fedora-clang, r-release-macos-x86_64