CRAN Package Check Results for Package SemNetCleaner

Last updated on 2020-08-19 01:50:16 CEST.

Flavor Version Tinstall Tcheck Ttotal Status Flags
r-devel-linux-x86_64-debian-clang 1.2.0 5.30 37.73 43.03 OK
r-devel-linux-x86_64-debian-gcc 1.2.0 3.96 28.89 32.85 OK
r-devel-linux-x86_64-fedora-clang 1.2.0 59.43 NOTE
r-devel-linux-x86_64-fedora-gcc 1.2.0 50.55 NOTE
r-devel-windows-ix86+x86_64 1.2.0 17.00 51.00 68.00 OK
r-patched-linux-x86_64 1.2.0 5.52 37.06 42.58 OK
r-patched-solaris-x86 1.2.0 71.60 NOTE
r-release-linux-x86_64 1.2.0 5.03 37.00 42.03 OK
r-release-macos-x86_64 1.2.0 NOTE
r-release-windows-ix86+x86_64 1.2.0 15.00 49.00 64.00 OK
r-oldrel-macos-x86_64 1.2.0 NOTE
r-oldrel-windows-ix86+x86_64 1.2.0 8.00 72.00 80.00 OK

Check Details

Version: 1.2.0
Check: dependencies in R code
Result: NOTE
    Namespace in Imports field not imported from: ‘hunspell’
     All declared Imports should be used.
Flavors: r-devel-linux-x86_64-fedora-clang, r-devel-linux-x86_64-fedora-gcc, r-patched-solaris-x86, r-release-macos-x86_64

Version: 1.2.0
Check: dependencies in R code
Result: NOTE
    No protocol specified
    No protocol specified
    Namespace in Imports field not imported from: ‘hunspell’
     All declared Imports should be used.
Flavor: r-oldrel-macos-x86_64