CRAN Package Check Results for Package Sleuth2

Last updated on 2020-08-19 01:50:16 CEST.

Flavor Version Tinstall Tcheck Ttotal Status Flags
r-devel-linux-x86_64-debian-clang 2.0-5 4.68 244.93 249.61 OK
r-devel-linux-x86_64-debian-gcc 2.0-5 3.18 183.74 186.92 OK
r-devel-linux-x86_64-fedora-clang 2.0-5 298.98 OK
r-devel-linux-x86_64-fedora-gcc 2.0-5 289.68 OK
r-devel-windows-ix86+x86_64 2.0-5 16.00 295.00 311.00 OK
r-patched-linux-x86_64 2.0-5 4.37 234.77 239.14 OK
r-patched-solaris-x86 2.0-5 364.60 NOTE
r-release-linux-x86_64 2.0-5 4.29 233.94 238.23 OK
r-release-macos-x86_64 2.0-5 OK
r-release-windows-ix86+x86_64 2.0-5 23.00 329.00 352.00 OK
r-oldrel-macos-x86_64 2.0-5 OK
r-oldrel-windows-ix86+x86_64 2.0-5 12.00 401.00 413.00 OK

Check Details

Version: 2.0-5
Check: installed package size
Result: NOTE
     installed size is 5.0Mb
     sub-directories of 1Mb or more:
     doc 4.2Mb
Flavor: r-patched-solaris-x86