Last updated on 2020-08-19 01:50:17 CEST.
Flavor | Version | Tinstall | Tcheck | Ttotal | Status | Flags |
---|---|---|---|---|---|---|
r-devel-linux-x86_64-debian-clang | 1.0-11 | 8.14 | 73.42 | 81.56 | OK | |
r-devel-linux-x86_64-debian-gcc | 1.0-11 | 5.38 | 56.18 | 61.56 | OK | |
r-devel-linux-x86_64-fedora-clang | 1.0-11 | 105.67 | OK | |||
r-devel-linux-x86_64-fedora-gcc | 1.0-11 | 94.32 | OK | |||
r-devel-windows-ix86+x86_64 | 1.0-11 | 20.00 | 77.00 | 97.00 | OK | |
r-patched-linux-x86_64 | 1.0-11 | 7.58 | 71.55 | 79.13 | OK | |
r-patched-solaris-x86 | 1.0-11 | 143.80 | OK | |||
r-release-linux-x86_64 | 1.0-11 | 6.69 | 70.85 | 77.54 | OK | |
r-release-macos-x86_64 | 1.0-11 | OK | ||||
r-release-windows-ix86+x86_64 | 1.0-11 | 19.00 | 76.00 | 95.00 | OK | |
r-oldrel-macos-x86_64 | 1.0-11 | NOTE | ||||
r-oldrel-windows-ix86+x86_64 | 1.0-11 | 12.00 | 85.00 | 97.00 | OK |
Version: 1.0-11
Check: dependencies in R code
Result: NOTE
No protocol specified
Flavor: r-oldrel-macos-x86_64