Last updated on 2020-08-19 01:50:20 CEST.
Flavor | Version | Tinstall | Tcheck | Ttotal | Status | Flags |
---|---|---|---|---|---|---|
r-devel-linux-x86_64-debian-clang | 0.9.21 | 10.03 | 82.96 | 92.99 | OK | |
r-devel-linux-x86_64-debian-gcc | 0.9.21 | 8.35 | 63.06 | 71.41 | OK | |
r-devel-linux-x86_64-fedora-clang | 0.9.21 | 120.65 | NOTE | |||
r-devel-linux-x86_64-fedora-gcc | 0.9.21 | 107.72 | NOTE | |||
r-devel-windows-ix86+x86_64 | 0.9.21 | 36.00 | 95.00 | 131.00 | OK | |
r-patched-linux-x86_64 | 0.9.21 | 8.98 | 79.70 | 88.68 | OK | |
r-patched-solaris-x86 | 0.9.21 | 168.30 | NOTE | |||
r-release-linux-x86_64 | 0.9.21 | 9.57 | 81.41 | 90.98 | OK | |
r-release-macos-x86_64 | 0.9.21 | NOTE | ||||
r-release-windows-ix86+x86_64 | 0.9.21 | 40.00 | 94.00 | 134.00 | OK | |
r-oldrel-macos-x86_64 | 0.9.21 | NOTE | ||||
r-oldrel-windows-ix86+x86_64 | 0.9.21 | 19.00 | 138.00 | 157.00 | OK |
Version: 0.9.21
Check: data for non-ASCII characters
Result: NOTE
Note: found 153 marked Latin-1 strings
Note: found 108 marked UTF-8 strings
Flavors: r-devel-linux-x86_64-fedora-clang, r-devel-linux-x86_64-fedora-gcc, r-patched-solaris-x86, r-release-macos-x86_64, r-oldrel-macos-x86_64