Last updated on 2020-08-19 01:50:19 CEST.
Flavor | Version | Tinstall | Tcheck | Ttotal | Status | Flags |
---|---|---|---|---|---|---|
r-devel-linux-x86_64-debian-clang | 0.2.0 | 3.40 | 27.93 | 31.33 | OK | |
r-devel-linux-x86_64-debian-gcc | 0.2.0 | 2.60 | 22.16 | 24.76 | OK | |
r-devel-linux-x86_64-fedora-clang | 0.2.0 | 46.48 | NOTE | |||
r-devel-linux-x86_64-fedora-gcc | 0.2.0 | 36.90 | NOTE | |||
r-devel-windows-ix86+x86_64 | 0.2.0 | 14.00 | 44.00 | 58.00 | OK | |
r-patched-linux-x86_64 | 0.2.0 | 2.84 | 27.98 | 30.82 | OK | |
r-patched-solaris-x86 | 0.2.0 | 55.50 | NOTE | |||
r-release-linux-x86_64 | 0.2.0 | 2.57 | 27.81 | 30.38 | OK | |
r-release-macos-x86_64 | 0.2.0 | NOTE | ||||
r-release-windows-ix86+x86_64 | 0.2.0 | 13.00 | 36.00 | 49.00 | OK | |
r-oldrel-macos-x86_64 | 0.2.0 | NOTE | ||||
r-oldrel-windows-ix86+x86_64 | 0.2.0 | 7.00 | 40.00 | 47.00 | OK |
Version: 0.2.0
Check: dependencies in R code
Result: NOTE
Namespace in Imports field not imported from: ‘xml2’
All declared Imports should be used.
Flavors: r-devel-linux-x86_64-fedora-clang, r-devel-linux-x86_64-fedora-gcc, r-patched-solaris-x86, r-release-macos-x86_64, r-oldrel-macos-x86_64