Last updated on 2020-08-19 01:50:20 CEST.
Flavor | Version | Tinstall | Tcheck | Ttotal | Status | Flags |
---|---|---|---|---|---|---|
r-devel-linux-x86_64-debian-clang | 2.2-0.1 | 43.17 | 239.29 | 282.46 | OK | |
r-devel-linux-x86_64-debian-gcc | 2.2-0.1 | 31.63 | 180.98 | 212.61 | OK | |
r-devel-linux-x86_64-fedora-clang | 2.2-0.1 | 365.73 | NOTE | |||
r-devel-linux-x86_64-fedora-gcc | 2.2-0.1 | 330.48 | OK | |||
r-devel-windows-ix86+x86_64 | 2.2-0.1 | 117.00 | 315.00 | 432.00 | OK | |
r-patched-linux-x86_64 | 2.2-0.1 | 26.10 | 234.32 | 260.42 | OK | |
r-patched-solaris-x86 | 2.2-0.1 | 462.20 | OK | |||
r-release-linux-x86_64 | 2.2-0.1 | 33.11 | 236.18 | 269.29 | OK | |
r-release-macos-x86_64 | 2.2-0.1 | OK | ||||
r-release-windows-ix86+x86_64 | 2.2-0.1 | 115.00 | 320.00 | 435.00 | OK | |
r-oldrel-macos-x86_64 | 2.2-0.1 | OK | ||||
r-oldrel-windows-ix86+x86_64 | 2.2-0.1 | 86.00 | 327.00 | 413.00 | OK |
Version: 2.2-0.1
Check: Rd cross-references
Result: NOTE
Undeclared package ‘TraMineRextras’ in Rd xrefs
Flavor: r-devel-linux-x86_64-fedora-clang