Last updated on 2020-08-19 01:50:21 CEST.
Flavor | Version | Tinstall | Tcheck | Ttotal | Status | Flags |
---|---|---|---|---|---|---|
r-devel-linux-x86_64-debian-clang | 1.0.12 | 109.13 | 50.59 | 159.72 | OK | |
r-devel-linux-x86_64-debian-gcc | 1.0.12 | 85.73 | 38.52 | 124.25 | OK | |
r-devel-linux-x86_64-fedora-clang | 1.0.12 | 238.78 | NOTE | |||
r-devel-linux-x86_64-fedora-gcc | 1.0.12 | 205.31 | OK | |||
r-devel-windows-ix86+x86_64 | 1.0.12 | 259.00 | 82.00 | 341.00 | OK | |
r-patched-linux-x86_64 | 1.0.12 | 90.38 | 51.34 | 141.72 | OK | |
r-patched-solaris-x86 | 1.0.12 | 202.10 | OK | |||
r-release-linux-x86_64 | 1.0.12 | 93.08 | 50.95 | 144.03 | OK | |
r-release-macos-x86_64 | 1.0.12 | NOTE | ||||
r-release-windows-ix86+x86_64 | 1.0.12 | 254.00 | 81.00 | 335.00 | OK | |
r-oldrel-macos-x86_64 | 1.0.12 | OK | ||||
r-oldrel-windows-ix86+x86_64 | 1.0.12 | 186.00 | 102.00 | 288.00 | OK |
Version: 1.0.12
Check: installed package size
Result: NOTE
installed size is 6.6Mb
sub-directories of 1Mb or more:
libs 6.1Mb
Flavors: r-devel-linux-x86_64-fedora-clang, r-release-macos-x86_64