CRAN Package Check Results for Package WilcoxCV

Last updated on 2020-08-19 01:50:21 CEST.

Flavor Version Tinstall Tcheck Ttotal Status Flags
r-devel-linux-x86_64-debian-clang 1.0-2 2.18 18.46 20.64 NOTE
r-devel-linux-x86_64-debian-gcc 1.0-2 1.52 14.87 16.39 NOTE
r-devel-linux-x86_64-fedora-clang 1.0-2 35.28 NOTE
r-devel-linux-x86_64-fedora-gcc 1.0-2 24.42 NOTE
r-devel-windows-ix86+x86_64 1.0-2 6.00 25.00 31.00 NOTE
r-patched-linux-x86_64 1.0-2 1.89 18.51 20.40 NOTE
r-patched-solaris-x86 1.0-2 40.60 NOTE
r-release-linux-x86_64 1.0-2 1.89 18.49 20.38 NOTE
r-release-macos-x86_64 1.0-2 NOTE
r-release-windows-ix86+x86_64 1.0-2 5.00 26.00 31.00 NOTE
r-oldrel-macos-x86_64 1.0-2 NOTE
r-oldrel-windows-ix86+x86_64 1.0-2 5.00 35.00 40.00 NOTE

Check Details

Version: 1.0-2
Check: R code for possible problems
Result: NOTE
    wilcox.selection.split: no visible global function definition for
     'pnorm'
    wilcox.test2: no visible global function definition for 'wilcox.test'
    Undefined global functions or variables:
     pnorm wilcox.test
    Consider adding
     importFrom("stats", "pnorm", "wilcox.test")
    to your NAMESPACE file.
Flavors: r-devel-linux-x86_64-debian-clang, r-devel-linux-x86_64-debian-gcc, r-devel-linux-x86_64-fedora-clang, r-devel-linux-x86_64-fedora-gcc, r-devel-windows-ix86+x86_64, r-patched-linux-x86_64, r-patched-solaris-x86, r-release-linux-x86_64, r-release-macos-x86_64, r-release-windows-ix86+x86_64, r-oldrel-macos-x86_64, r-oldrel-windows-ix86+x86_64