Last updated on 2020-08-19 01:50:21 CEST.
Flavor | Version | Tinstall | Tcheck | Ttotal | Status | Flags |
---|---|---|---|---|---|---|
r-devel-linux-x86_64-debian-clang | 3.99-0.5 | 27.66 | 79.01 | 106.67 | OK | |
r-devel-linux-x86_64-debian-gcc | 3.99-0.5 | 21.29 | 59.42 | 80.71 | OK | |
r-devel-linux-x86_64-fedora-clang | 3.99-0.5 | 139.91 | OK | |||
r-devel-linux-x86_64-fedora-gcc | 3.99-0.5 | 122.50 | OK | |||
r-devel-windows-ix86+x86_64 | 3.99-0.5 | 66.00 | 119.00 | 185.00 | NOTE | |
r-patched-linux-x86_64 | 3.99-0.5 | 24.64 | 78.13 | 102.77 | OK | |
r-patched-solaris-x86 | 3.99-0.5 | 185.60 | OK | |||
r-release-linux-x86_64 | 3.99-0.5 | 24.22 | 77.79 | 102.01 | OK | |
r-release-macos-x86_64 | 3.99-0.5 | NOTE | ||||
r-release-windows-ix86+x86_64 | 3.99-0.5 | 58.00 | 133.00 | 191.00 | NOTE | |
r-oldrel-macos-x86_64 | 3.99-0.5 | ERROR | ||||
r-oldrel-windows-ix86+x86_64 | 3.99-0.3 | 53.00 | 113.00 | 166.00 | NOTE |
Version: 3.99-0.5
Check: installed package size
Result: NOTE
installed size is 7.2Mb
sub-directories of 1Mb or more:
exampleData 1.4Mb
libs 4.2Mb
Flavors: r-devel-windows-ix86+x86_64, r-release-macos-x86_64, r-release-windows-ix86+x86_64
Version: 3.99-0.5
Check: whether package can be installed
Result: ERROR
Installation failed.
Flavor: r-oldrel-macos-x86_64
Version: 3.99-0.3
Check: installed package size
Result: NOTE
installed size is 7.1Mb
sub-directories of 1Mb or more:
exampleData 1.3Mb
libs 4.2Mb
Flavor: r-oldrel-windows-ix86+x86_64