CRAN Package Check Results for Package ZIM

Last updated on 2020-08-19 01:50:21 CEST.

Flavor Version Tinstall Tcheck Ttotal Status Flags
r-devel-linux-x86_64-debian-clang 1.1.0 4.80 32.89 37.69 NOTE
r-devel-linux-x86_64-debian-gcc 1.1.0 4.15 25.53 29.68 NOTE
r-devel-linux-x86_64-fedora-clang 1.1.0 58.33 NOTE
r-devel-linux-x86_64-fedora-gcc 1.1.0 44.01 NOTE
r-devel-windows-ix86+x86_64 1.1.0 12.00 39.00 51.00 OK
r-patched-linux-x86_64 1.1.0 4.92 32.64 37.56 NOTE
r-patched-solaris-x86 1.1.0 66.90 NOTE
r-release-linux-x86_64 1.1.0 4.20 32.80 37.00 NOTE
r-release-macos-x86_64 1.1.0 NOTE
r-release-windows-ix86+x86_64 1.1.0 10.00 38.00 48.00 OK
r-oldrel-macos-x86_64 1.1.0 OK
r-oldrel-windows-ix86+x86_64 1.1.0 6.00 54.00 60.00 OK

Check Details

Version: 1.1.0
Check: package dependencies
Result: NOTE
    Package suggested but not available for checking: 'TSA'
Flavors: r-devel-linux-x86_64-debian-clang, r-devel-linux-x86_64-debian-gcc, r-devel-linux-x86_64-fedora-clang, r-devel-linux-x86_64-fedora-gcc, r-patched-linux-x86_64, r-patched-solaris-x86, r-release-linux-x86_64, r-release-macos-x86_64

Version: 1.1.0
Check: Rd cross-references
Result: NOTE
    Unknown package 'TSA' in Rd xrefs
Flavors: r-devel-linux-x86_64-debian-clang, r-devel-linux-x86_64-debian-gcc, r-devel-linux-x86_64-fedora-gcc, r-patched-linux-x86_64, r-patched-solaris-x86, r-release-linux-x86_64, r-release-macos-x86_64

Version: 1.1.0
Check: Rd cross-references
Result: NOTE
    Undeclared package ‘dplyr’ in Rd xrefs
    Unknown package ‘TSA’ in Rd xrefs
Flavor: r-devel-linux-x86_64-fedora-clang