CRAN Package Check Results for Package abcrf

Last updated on 2020-08-19 01:49:51 CEST.

Flavor Version Tinstall Tcheck Ttotal Status Flags
r-devel-linux-x86_64-debian-clang 1.8.1 82.10 82.25 164.35 OK
r-devel-linux-x86_64-debian-gcc 1.8.1 59.74 62.32 122.06 OK
r-devel-linux-x86_64-fedora-clang 1.8.1 233.20 NOTE
r-devel-linux-x86_64-fedora-gcc 1.8.1 197.30 OK
r-devel-windows-ix86+x86_64 1.8.1 217.00 128.00 345.00 NOTE
r-patched-linux-x86_64 1.8.1 58.50 79.86 138.36 OK
r-patched-solaris-x86 1.8.1 229.60 OK
r-release-linux-x86_64 1.8.1 62.92 79.67 142.59 OK
r-release-macos-x86_64 1.8.1 NOTE
r-release-windows-ix86+x86_64 1.8.1 214.00 134.00 348.00 NOTE
r-oldrel-macos-x86_64 1.8.1 NOTE
r-oldrel-windows-ix86+x86_64 1.8.1 150.00 171.00 321.00 OK

Check Details

Version: 1.8.1
Check: installed package size
Result: NOTE
     installed size is 5.7Mb
     sub-directories of 1Mb or more:
     data 2.6Mb
     libs 2.9Mb
Flavors: r-devel-linux-x86_64-fedora-clang, r-devel-windows-ix86+x86_64, r-release-macos-x86_64, r-release-windows-ix86+x86_64, r-oldrel-macos-x86_64