CRAN Package Check Results for Package activityCounts

Last updated on 2020-08-19 01:49:51 CEST.

Flavor Version Tinstall Tcheck Ttotal Status Flags
r-devel-linux-x86_64-debian-clang 0.1.2 6.52 54.01 60.53 OK
r-devel-linux-x86_64-debian-gcc 0.1.2 6.12 40.53 46.65 OK
r-devel-linux-x86_64-fedora-clang 0.1.2 82.51 OK
r-devel-linux-x86_64-fedora-gcc 0.1.2 72.08 OK
r-devel-windows-ix86+x86_64 0.1.2 21.00 61.00 82.00 OK
r-patched-linux-x86_64 0.1.2 7.55 52.10 59.65 OK
r-patched-solaris-x86 0.1.2 111.50 OK
r-release-linux-x86_64 0.1.2 6.61 52.80 59.41 OK
r-release-macos-x86_64 0.1.2 NOTE
r-release-windows-ix86+x86_64 0.1.2 23.00 67.00 90.00 OK
r-oldrel-macos-x86_64 0.1.2 OK
r-oldrel-windows-ix86+x86_64 0.1.2 11.00 86.00 97.00 OK

Check Details

Version: 0.1.2
Check: package dependencies
Result: NOTE
    Package suggested but not available for checking: ‘rmarkdown’
Flavor: r-release-macos-x86_64