Last updated on 2020-08-19 01:49:51 CEST.
Flavor | Version | Tinstall | Tcheck | Ttotal | Status | Flags |
---|---|---|---|---|---|---|
r-devel-linux-x86_64-debian-clang | 2.1.3 | 37.56 | 248.81 | 286.37 | OK | |
r-devel-linux-x86_64-debian-gcc | 2.1.3 | 33.16 | 186.39 | 219.55 | OK | |
r-devel-linux-x86_64-fedora-clang | 2.1.3 | 358.96 | NOTE | |||
r-devel-linux-x86_64-fedora-gcc | 2.1.3 | 340.80 | OK | |||
r-devel-windows-ix86+x86_64 | 2.1.3 | 108.00 | 335.00 | 443.00 | OK | |
r-patched-linux-x86_64 | 2.1.3 | 38.21 | 242.92 | 281.13 | OK | |
r-patched-solaris-x86 | 2.1.3 | 526.70 | NOTE | |||
r-release-linux-x86_64 | 2.1.3 | 36.45 | 241.11 | 277.56 | OK | |
r-release-macos-x86_64 | 2.1.3 | OK | ||||
r-release-windows-ix86+x86_64 | 2.1.3 | 92.00 | 339.00 | 431.00 | OK | |
r-oldrel-macos-x86_64 | 2.1.3 | NOTE | ||||
r-oldrel-windows-ix86+x86_64 | 2.1.3 | 62.00 | 390.00 | 452.00 | OK |
Version: 2.1.3
Check: installed package size
Result: NOTE
installed size is 5.0Mb
sub-directories of 1Mb or more:
R 1.3Mb
data 1.3Mb
files 1.7Mb
Flavors: r-devel-linux-x86_64-fedora-clang, r-patched-solaris-x86, r-oldrel-macos-x86_64