CRAN Package Check Results for Package adepro

Last updated on 2020-08-19 01:49:51 CEST.

Flavor Version Tinstall Tcheck Ttotal Status Flags
r-devel-linux-x86_64-debian-clang 3.0.0 10.31 84.93 95.24 OK
r-devel-linux-x86_64-debian-gcc 3.0.0 8.11 63.10 71.21 OK
r-devel-linux-x86_64-fedora-clang 3.0.0 122.24 NOTE
r-devel-linux-x86_64-fedora-gcc 3.0.0 107.56 NOTE
r-devel-windows-ix86+x86_64 3.0.0 43.00 99.00 142.00 OK
r-patched-linux-x86_64 3.0.0 8.13 81.04 89.17 OK
r-patched-solaris-x86 3.0.0 150.20 NOTE
r-release-linux-x86_64 3.0.0 6.90 81.59 88.49 OK
r-release-macos-x86_64 3.0.0 NOTE
r-release-windows-ix86+x86_64 3.0.0 38.00 101.00 139.00 OK
r-oldrel-macos-x86_64 3.0.0 NOTE
r-oldrel-windows-ix86+x86_64 3.0.0 23.00 115.00 138.00 OK

Check Details

Version: 3.0.0
Check: dependencies in R code
Result: NOTE
    Namespace in Imports field not imported from: ‘jsonlite’
     All declared Imports should be used.
Flavors: r-devel-linux-x86_64-fedora-clang, r-devel-linux-x86_64-fedora-gcc, r-patched-solaris-x86, r-release-macos-x86_64, r-oldrel-macos-x86_64