CRAN Package Check Results for Package adept

Last updated on 2020-08-19 01:49:51 CEST.

Flavor Version Tinstall Tcheck Ttotal Status Flags
r-devel-linux-x86_64-debian-clang 1.1.2 11.78 335.35 347.13 OK
r-devel-linux-x86_64-debian-gcc 1.1.2 10.19 245.01 255.20 OK
r-devel-linux-x86_64-fedora-clang 1.1.2 417.66 NOTE
r-devel-linux-x86_64-fedora-gcc 1.1.2 390.39 NOTE
r-devel-windows-ix86+x86_64 1.1.2 45.00 168.00 213.00 NOTE --no-vignettes
r-patched-linux-x86_64 1.1.2 10.88 321.71 332.59 OK
r-patched-solaris-x86 1.1.2 915.50 NOTE
r-release-linux-x86_64 1.1.2 10.56 319.84 330.40 OK
r-release-macos-x86_64 1.1.2 NOTE
r-release-windows-ix86+x86_64 1.1.2 38.00 123.00 161.00 NOTE --no-vignettes
r-oldrel-macos-x86_64 1.1.2 NOTE
r-oldrel-windows-ix86+x86_64 1.1.2 23.00 158.00 181.00 NOTE --no-vignettes

Check Details

Version: 1.1.2
Check: installed package size
Result: NOTE
     installed size is 5.5Mb
     sub-directories of 1Mb or more:
     doc 4.7Mb
Flavors: r-devel-linux-x86_64-fedora-clang, r-patched-solaris-x86, r-release-macos-x86_64, r-oldrel-macos-x86_64

Version: 1.1.2
Check: dependencies in R code
Result: NOTE
    Namespace in Imports field not imported from: ‘tibble’
     All declared Imports should be used.
Flavors: r-devel-linux-x86_64-fedora-clang, r-devel-linux-x86_64-fedora-gcc, r-patched-solaris-x86, r-release-macos-x86_64, r-oldrel-macos-x86_64

Version: 1.1.2
Flags: --no-vignettes
Check: installed package size
Result: NOTE
     installed size is 5.5Mb
     sub-directories of 1Mb or more:
     doc 4.7Mb
Flavors: r-devel-windows-ix86+x86_64, r-release-windows-ix86+x86_64, r-oldrel-windows-ix86+x86_64