Last updated on 2020-08-19 01:49:51 CEST.
Flavor | Version | Tinstall | Tcheck | Ttotal | Status | Flags |
---|---|---|---|---|---|---|
r-devel-linux-x86_64-debian-clang | 1.0.2 | 48.23 | 41.25 | 89.48 | OK | |
r-devel-linux-x86_64-debian-gcc | 1.0.2 | 41.80 | 32.97 | 74.77 | OK | |
r-devel-linux-x86_64-fedora-clang | 1.0.2 | 140.39 | NOTE | |||
r-devel-linux-x86_64-fedora-gcc | 1.0.2 | 121.67 | OK | |||
r-devel-windows-ix86+x86_64 | 1.0.2 | 139.00 | 85.00 | 224.00 | OK | |
r-patched-linux-x86_64 | 1.0.2 | 45.28 | 41.15 | 86.43 | OK | |
r-patched-solaris-x86 | 1.0.2 | 128.60 | OK | |||
r-release-linux-x86_64 | 1.0.2 | 45.19 | 41.24 | 86.43 | OK | |
r-release-macos-x86_64 | 1.0.2 | OK | ||||
r-release-windows-ix86+x86_64 | 1.0.2 | 127.00 | 81.00 | 208.00 | OK | |
r-oldrel-macos-x86_64 | 1.0.2 | WARN | ||||
r-oldrel-windows-ix86+x86_64 | 1.0.2 | 95.00 | 104.00 | 199.00 | OK |
Version: 1.0.2
Check: installed package size
Result: NOTE
installed size is 5.1Mb
sub-directories of 1Mb or more:
libs 4.3Mb
Flavor: r-devel-linux-x86_64-fedora-clang
Version: 1.0.2
Check: whether package can be installed
Result: WARN
Found the following significant warnings:
Warning: 'rgl_init' failed, running with rgl.useNULL = TRUE
Flavor: r-oldrel-macos-x86_64