Last updated on 2020-08-19 01:49:51 CEST.
Flavor | Version | Tinstall | Tcheck | Ttotal | Status | Flags |
---|---|---|---|---|---|---|
r-devel-linux-x86_64-debian-clang | 3.0.2 | 72.23 | 91.62 | 163.85 | OK | |
r-devel-linux-x86_64-debian-gcc | 3.0.2 | 49.80 | 68.92 | 118.72 | OK | |
r-devel-linux-x86_64-fedora-clang | 3.0.2 | 239.56 | NOTE | |||
r-devel-linux-x86_64-fedora-gcc | 3.0.2 | 188.23 | OK | |||
r-devel-windows-ix86+x86_64 | 3.0.2 | 208.00 | 159.00 | 367.00 | NOTE | |
r-patched-linux-x86_64 | 3.0.2 | 50.50 | 89.36 | 139.86 | OK | |
r-patched-solaris-x86 | 3.0.2 | 218.90 | NOTE | |||
r-release-linux-x86_64 | 3.0.2 | 50.10 | 88.74 | 138.84 | OK | |
r-release-macos-x86_64 | 3.0.2 | NOTE | ||||
r-release-windows-ix86+x86_64 | 3.0.2 | 209.00 | 246.00 | 455.00 | NOTE | |
r-oldrel-macos-x86_64 | 3.0.2 | NOTE | ||||
r-oldrel-windows-ix86+x86_64 | 3.0.2 | 147.00 | 178.00 | 325.00 | NOTE |
Version: 3.0.2
Check: installed package size
Result: NOTE
installed size is 7.3Mb
sub-directories of 1Mb or more:
data 4.1Mb
libs 2.7Mb
Flavors: r-devel-linux-x86_64-fedora-clang, r-devel-windows-ix86+x86_64, r-patched-solaris-x86, r-release-macos-x86_64, r-release-windows-ix86+x86_64, r-oldrel-macos-x86_64, r-oldrel-windows-ix86+x86_64