CRAN Package Check Results for Package arealDB

Last updated on 2020-08-19 01:49:51 CEST.

Flavor Version Tinstall Tcheck Ttotal Status Flags
r-devel-linux-x86_64-debian-clang 0.3.4 10.33 99.48 109.81 OK
r-devel-linux-x86_64-debian-gcc 0.3.4 7.61 76.29 83.90 OK
r-devel-linux-x86_64-fedora-clang 0.3.4 136.45 NOTE
r-devel-linux-x86_64-fedora-gcc 0.3.4 127.24 NOTE
r-devel-windows-ix86+x86_64 0.3.4 34.00 111.00 145.00 OK
r-patched-linux-x86_64 0.3.4 9.26 96.38 105.64 OK
r-patched-solaris-x86 0.3.4 185.10 NOTE
r-release-linux-x86_64 0.3.4 10.63 96.50 107.13 OK
r-release-macos-x86_64 0.3.4 NOTE
r-release-windows-ix86+x86_64 0.3.4 29.00 109.00 138.00 OK
r-oldrel-macos-x86_64 0.3.4 NOTE
r-oldrel-windows-ix86+x86_64 0.3.4 17.00 120.00 137.00 OK

Check Details

Version: 0.3.4
Check: data for non-ASCII characters
Result: NOTE
     Note: found 8 marked UTF-8 strings
Flavors: r-devel-linux-x86_64-fedora-clang, r-devel-linux-x86_64-fedora-gcc, r-patched-solaris-x86, r-release-macos-x86_64, r-oldrel-macos-x86_64