CRAN Package Check Results for Package arules

Last updated on 2020-08-19 01:49:52 CEST.

Flavor Version Tinstall Tcheck Ttotal Status Flags
r-devel-linux-x86_64-debian-clang 1.6-6 27.81 148.63 176.44 OK
r-devel-linux-x86_64-debian-gcc 1.6-6 22.20 116.08 138.28 OK
r-devel-linux-x86_64-fedora-clang 1.6-6 217.46 NOTE
r-devel-linux-x86_64-fedora-gcc 1.6-6 216.83 OK
r-devel-windows-ix86+x86_64 1.6-6 69.00 218.00 287.00 OK
r-patched-linux-x86_64 1.6-6 24.23 147.03 171.26 OK
r-patched-solaris-x86 1.6-6 305.30 OK
r-release-linux-x86_64 1.6-6 25.08 147.37 172.45 OK
r-release-macos-x86_64 1.6-6 OK
r-release-windows-ix86+x86_64 1.6-6 67.00 234.00 301.00 OK
r-oldrel-macos-x86_64 1.6-6 OK
r-oldrel-windows-ix86+x86_64 1.6-6 52.00 239.00 291.00 OK

Check Details

Version: 1.6-6
Check: Rd cross-references
Result: NOTE
    Undeclared package ‘arulesCBA’ in Rd xrefs
Flavor: r-devel-linux-x86_64-fedora-clang