CRAN Package Check Results for Package bayesGARCH

Last updated on 2020-08-19 01:49:52 CEST.

Flavor Version Tinstall Tcheck Ttotal Status Flags
r-devel-linux-x86_64-debian-clang 2.1.5 3.42 30.63 34.05 OK
r-devel-linux-x86_64-debian-gcc 2.1.5 2.48 23.57 26.05 OK
r-devel-linux-x86_64-fedora-clang 2.1.5 49.73 NOTE
r-devel-linux-x86_64-fedora-gcc 2.1.5 39.64 NOTE
r-devel-windows-ix86+x86_64 2.1.5 12.00 54.00 66.00 OK
r-patched-linux-x86_64 2.1.5 2.87 30.37 33.24 OK
r-patched-solaris-x86 2.1.5 60.60 OK
r-release-linux-x86_64 2.1.5 3.30 30.34 33.64 OK
r-release-macos-x86_64 2.1.5 OK
r-release-windows-ix86+x86_64 2.1.5 11.00 57.00 68.00 OK
r-oldrel-macos-x86_64 2.1.5 OK
r-oldrel-windows-ix86+x86_64 2.1.5 8.00 65.00 73.00 OK

Check Details

Version: 2.1.5
Check: Rd cross-references
Result: NOTE
    Undeclared package ‘fGarch’ in Rd xrefs
Flavor: r-devel-linux-x86_64-fedora-clang

Version: 2.1.5
Check: compiled code
Result: NOTE
    File ‘bayesGARCH/libs/bayesGARCH.so’:
     Found no calls to: ‘R_registerRoutines’, ‘R_useDynamicSymbols’
    
    It is good practice to register native routines and to disable symbol
    search.
    
    See ‘Writing portable packages’ in the ‘Writing R Extensions’ manual.
Flavors: r-devel-linux-x86_64-fedora-clang, r-devel-linux-x86_64-fedora-gcc