Last updated on 2020-08-19 01:49:52 CEST.
Flavor | Version | Tinstall | Tcheck | Ttotal | Status | Flags |
---|---|---|---|---|---|---|
r-devel-linux-x86_64-debian-clang | 0.0.0.1 | 138.83 | 164.13 | 302.96 | NOTE | |
r-devel-linux-x86_64-debian-gcc | 0.0.0.1 | 124.50 | 124.23 | 248.73 | NOTE | |
r-devel-linux-x86_64-fedora-clang | 0.0.0.1 | 420.01 | NOTE | |||
r-devel-linux-x86_64-fedora-gcc | 0.0.0.1 | 416.18 | NOTE | |||
r-devel-windows-ix86+x86_64 | 0.0.0.1 | 345.00 | 328.00 | 673.00 | NOTE | |
r-patched-linux-x86_64 | 0.0.0.1 | 122.59 | 169.10 | 291.69 | NOTE | |
r-patched-solaris-x86 | 0.0.0.1 | 463.90 | NOTE | |||
r-release-linux-x86_64 | 0.0.0.1 | 130.54 | 166.55 | 297.09 | NOTE | |
r-release-macos-x86_64 | 0.0.0.1 | NOTE | ||||
r-release-windows-ix86+x86_64 | 0.0.0.1 | 343.00 | 327.00 | 670.00 | NOTE | |
r-oldrel-macos-x86_64 | 0.0.0.1 | NOTE | ||||
r-oldrel-windows-ix86+x86_64 | 0.0.0.1 | 243.00 | 413.00 | 656.00 | NOTE |
Version: 0.0.0.1
Check: for GNU extensions in Makefiles
Result: NOTE
GNU make is a SystemRequirements.
Flavors: r-devel-linux-x86_64-debian-clang, r-devel-linux-x86_64-debian-gcc, r-devel-linux-x86_64-fedora-clang, r-devel-linux-x86_64-fedora-gcc, r-devel-windows-ix86+x86_64, r-patched-linux-x86_64, r-patched-solaris-x86, r-release-linux-x86_64, r-release-macos-x86_64, r-release-windows-ix86+x86_64, r-oldrel-macos-x86_64, r-oldrel-windows-ix86+x86_64
Version: 0.0.0.1
Check: installed package size
Result: NOTE
installed size is 35.3Mb
sub-directories of 1Mb or more:
libs 34.9Mb
Flavors: r-devel-linux-x86_64-fedora-clang, r-release-macos-x86_64, r-oldrel-macos-x86_64
Version: 0.0.0.1
Check: dependencies in R code
Result: NOTE
Namespaces in Imports field not imported from:
‘magrittr’ ‘rstantools’
All declared Imports should be used.
Flavors: r-devel-linux-x86_64-fedora-clang, r-devel-linux-x86_64-fedora-gcc, r-patched-solaris-x86, r-release-macos-x86_64, r-oldrel-macos-x86_64