CRAN Package Check Results for Package bayestestR

Last updated on 2020-08-19 01:49:53 CEST.

Flavor Version Tinstall Tcheck Ttotal Status Flags
r-devel-linux-x86_64-debian-clang 0.7.2 8.70 363.88 372.58 OK
r-devel-linux-x86_64-debian-gcc 0.7.2 7.81 265.52 273.33 OK
r-devel-linux-x86_64-fedora-clang 0.7.2 456.08 OK
r-devel-linux-x86_64-fedora-gcc 0.7.2 449.68 OK
r-devel-windows-ix86+x86_64 0.7.2 19.00 461.00 480.00 OK
r-patched-linux-x86_64 0.7.2 9.03 351.84 360.87 OK
r-patched-solaris-x86 0.7.2 661.20 OK
r-release-linux-x86_64 0.7.2 9.58 229.83 239.41 NOTE
r-release-macos-x86_64 0.7.2 OK
r-release-windows-ix86+x86_64 0.7.2 21.00 504.00 525.00 OK
r-oldrel-macos-x86_64 0.7.2 OK
r-oldrel-windows-ix86+x86_64 0.7.2 15.00 571.00 586.00 OK

Check Details

Version: 0.7.2
Check: package dependencies
Result: NOTE
    Package suggested but not available for checking: ‘rstanarm’
Flavor: r-release-linux-x86_64