Last updated on 2020-08-19 01:49:53 CEST.
Flavor | Version | Tinstall | Tcheck | Ttotal | Status | Flags |
---|---|---|---|---|---|---|
r-devel-linux-x86_64-debian-clang | 0.1.0 | 13.20 | 120.10 | 133.30 | OK | |
r-devel-linux-x86_64-debian-gcc | 0.1.0 | 10.98 | 88.81 | 99.79 | OK | |
r-devel-linux-x86_64-fedora-clang | 0.1.0 | 166.95 | NOTE | |||
r-devel-linux-x86_64-fedora-gcc | 0.1.0 | 155.99 | NOTE | |||
r-devel-windows-ix86+x86_64 | 0.1.0 | 48.00 | 115.00 | 163.00 | OK | |
r-patched-linux-x86_64 | 0.1.0 | 12.21 | 113.24 | 125.45 | OK | |
r-patched-solaris-x86 | 0.1.0 | 236.10 | NOTE | |||
r-release-linux-x86_64 | 0.1.0 | 14.03 | 113.58 | 127.61 | OK | |
r-release-macos-x86_64 | 0.1.0 | NOTE | ||||
r-release-windows-ix86+x86_64 | 0.1.0 | 50.00 | 120.00 | 170.00 | OK | |
r-oldrel-macos-x86_64 | 0.1.0 | NOTE | ||||
r-oldrel-windows-ix86+x86_64 | 0.1.0 | 25.00 | 159.00 | 184.00 | OK |
Version: 0.1.0
Check: dependencies in R code
Result: NOTE
Namespaces in Imports field not imported from:
‘ggfortify’ ‘ggplot2’ ‘matrixStats’ ‘reshape2’ ‘scales’
All declared Imports should be used.
Flavors: r-devel-linux-x86_64-fedora-clang, r-devel-linux-x86_64-fedora-gcc, r-patched-solaris-x86, r-release-macos-x86_64, r-oldrel-macos-x86_64