CRAN Package Check Results for Package belg

Last updated on 2020-08-19 01:49:53 CEST.

Flavor Version Tinstall Tcheck Ttotal Status Flags
r-devel-linux-x86_64-debian-clang 1.4.0 54.39 47.80 102.19 OK
r-devel-linux-x86_64-debian-gcc 1.4.0 44.84 36.01 80.85 OK
r-devel-linux-x86_64-fedora-clang 1.4.0 155.51 OK
r-devel-linux-x86_64-fedora-gcc 1.4.0 139.86 OK
r-devel-windows-ix86+x86_64 1.4.0 166.00 86.00 252.00 OK
r-patched-linux-x86_64 1.4.0 46.41 46.01 92.42 OK
r-patched-solaris-x86 1.4.0 144.50 OK
r-release-linux-x86_64 1.4.0 45.33 46.47 91.80 OK
r-release-macos-x86_64 1.4.0 OK
r-release-windows-ix86+x86_64 1.4.0 155.00 81.00 236.00 OK
r-oldrel-macos-x86_64 1.4.0 OK
r-oldrel-windows-ix86+x86_64 1.4.0 113.00 83.00 196.00 WARN

Check Details

Version: 1.4.0
Check: re-building of vignette outputs
Result: WARN
    Error(s) in re-building vignettes:
    --- re-building 'belg1.Rmd' using rmarkdown
    Quitting from lines 13-32 (belg1.Rmd)
    Error: processing vignette 'belg1.Rmd' failed with diagnostics:
    package 'lattice' 0.20.38 was found, but >= 0.20.41 is required by 'rasterVis'
    --- failed re-building 'belg1.Rmd'
    
    SUMMARY: processing the following file failed:
     'belg1.Rmd'
    
    Error: Vignette re-building failed.
    Execution halted
Flavor: r-oldrel-windows-ix86+x86_64