Last updated on 2020-08-19 01:49:53 CEST.
Flavor | Version | Tinstall | Tcheck | Ttotal | Status | Flags |
---|---|---|---|---|---|---|
r-devel-linux-x86_64-debian-clang | 1.1.1 | 94.93 | 59.00 | 153.93 | NOTE | |
r-devel-linux-x86_64-debian-gcc | 1.1.1 | 70.50 | 44.08 | 114.58 | NOTE | |
r-devel-linux-x86_64-fedora-clang | 1.1.1 | 228.36 | NOTE | |||
r-devel-linux-x86_64-fedora-gcc | 1.1.1 | 192.18 | NOTE | |||
r-devel-windows-ix86+x86_64 | 1.1.1 | 213.00 | 98.00 | 311.00 | NOTE | |
r-patched-linux-x86_64 | 1.1.1 | 78.05 | 56.83 | 134.88 | NOTE | |
r-patched-solaris-x86 | 1.1.1 | 194.10 | NOTE | |||
r-release-linux-x86_64 | 1.1.1 | 76.44 | 56.76 | 133.20 | NOTE | |
r-release-macos-x86_64 | 1.1.1 | NOTE | ||||
r-release-windows-ix86+x86_64 | 1.1.1 | 203.00 | 103.00 | 306.00 | NOTE | |
r-oldrel-macos-x86_64 | 1.1.1 | NOTE | ||||
r-oldrel-windows-ix86+x86_64 | 1.1.1 | 152.00 | 133.00 | 285.00 | NOTE |
Version: 1.1.1
Check: R code for possible problems
Result: NOTE
blockmodelskmeans: no visible global function definition for 'dist'
matrixplot: no visible global function definition for 'image'
matrixplot: no visible global function definition for 'hsv'
matrixplot: no visible global function definition for 'axis'
Undefined global functions or variables:
axis dist hsv image
Consider adding
importFrom("grDevices", "hsv")
importFrom("graphics", "axis", "image")
importFrom("stats", "dist")
to your NAMESPACE file.
Flavors: r-devel-linux-x86_64-debian-clang, r-devel-linux-x86_64-debian-gcc, r-devel-linux-x86_64-fedora-clang, r-devel-linux-x86_64-fedora-gcc, r-devel-windows-ix86+x86_64, r-patched-linux-x86_64, r-patched-solaris-x86, r-release-linux-x86_64, r-release-macos-x86_64, r-release-windows-ix86+x86_64, r-oldrel-macos-x86_64, r-oldrel-windows-ix86+x86_64
Version: 1.1.1
Check: installed package size
Result: NOTE
installed size is 14.6Mb
sub-directories of 1Mb or more:
libs 14.2Mb
Flavors: r-devel-linux-x86_64-fedora-clang, r-devel-windows-ix86+x86_64, r-release-macos-x86_64, r-release-windows-ix86+x86_64, r-oldrel-macos-x86_64, r-oldrel-windows-ix86+x86_64
Version: 1.1.1
Check: compiled code
Result: NOTE
File ‘blockmodels/libs/blockmodels.so’:
Found no calls to: ‘R_registerRoutines’, ‘R_useDynamicSymbols’
It is good practice to register native routines and to disable symbol
search.
See ‘Writing portable packages’ in the ‘Writing R Extensions’ manual.
Flavors: r-devel-linux-x86_64-fedora-clang, r-devel-linux-x86_64-fedora-gcc