CRAN Package Check Results for Package carbonate

Last updated on 2020-08-19 01:49:54 CEST.

Flavor Version Tinstall Tcheck Ttotal Status Flags
r-devel-linux-x86_64-debian-clang 0.1.3 6.07 44.08 50.15 OK
r-devel-linux-x86_64-debian-gcc 0.1.3 4.83 34.18 39.01 OK
r-devel-linux-x86_64-fedora-clang 0.1.3 68.18 NOTE
r-devel-linux-x86_64-fedora-gcc 0.1.3 57.31 NOTE
r-devel-windows-ix86+x86_64 0.1.3 25.00 56.00 81.00 OK
r-patched-linux-x86_64 0.1.3 5.06 42.53 47.59 OK
r-patched-solaris-x86 0.1.3 97.30 NOTE
r-release-linux-x86_64 0.1.3 4.83 42.51 47.34 OK
r-release-macos-x86_64 0.1.3 NOTE
r-release-windows-ix86+x86_64 0.1.3 21.00 57.00 78.00 OK
r-oldrel-macos-x86_64 0.1.3 NOTE
r-oldrel-windows-ix86+x86_64 0.1.3 12.00 64.00 76.00 OK

Check Details

Version: 0.1.3
Check: dependencies in R code
Result: NOTE
    Namespace in Imports field not imported from: ‘details’
     All declared Imports should be used.
Flavors: r-devel-linux-x86_64-fedora-clang, r-devel-linux-x86_64-fedora-gcc, r-patched-solaris-x86, r-release-macos-x86_64, r-oldrel-macos-x86_64