Last updated on 2020-08-19 01:49:55 CEST.
Flavor | Version | Tinstall | Tcheck | Ttotal | Status | Flags |
---|---|---|---|---|---|---|
r-devel-linux-x86_64-debian-clang | 0.2-4 | 230.69 | 55.99 | 286.68 | OK | |
r-devel-linux-x86_64-debian-gcc | 0.2-4 | 187.70 | 43.35 | 231.05 | OK | |
r-devel-linux-x86_64-fedora-clang | 0.2-4 | 411.02 | NOTE | |||
r-devel-linux-x86_64-fedora-gcc | 0.2-4 | 400.02 | NOTE | |||
r-devel-windows-ix86+x86_64 | 0.2-4 | 513.00 | 102.00 | 615.00 | OK | |
r-patched-linux-x86_64 | 0.2-4 | 204.41 | 56.54 | 260.95 | OK | |
r-patched-solaris-x86 | 0.2-4 | 322.00 | OK | |||
r-release-linux-x86_64 | 0.2-4 | 208.55 | 56.39 | 264.94 | OK | |
r-release-macos-x86_64 | 0.2-4 | NOTE | ||||
r-release-windows-ix86+x86_64 | 0.2-4 | 503.00 | 110.00 | 613.00 | OK | |
r-oldrel-macos-x86_64 | 0.2-4 | NOTE | ||||
r-oldrel-windows-ix86+x86_64 | 0.2-4 | 386.00 | 133.00 | 519.00 | OK |
Version: 0.2-4
Check: installed package size
Result: NOTE
installed size is 22.6Mb
sub-directories of 1Mb or more:
libs 22.2Mb
Flavors: r-devel-linux-x86_64-fedora-clang, r-release-macos-x86_64, r-oldrel-macos-x86_64
Version: 0.2-4
Check: compiled code
Result: NOTE
File ‘cccp/libs/cccp.so’:
Found no calls to: ‘R_registerRoutines’, ‘R_useDynamicSymbols’
It is good practice to register native routines and to disable symbol
search.
See ‘Writing portable packages’ in the ‘Writing R Extensions’ manual.
Flavors: r-devel-linux-x86_64-fedora-clang, r-devel-linux-x86_64-fedora-gcc