CRAN Package Check Results for Package censReg

Last updated on 2020-08-19 01:49:55 CEST.

Flavor Version Tinstall Tcheck Ttotal Status Flags
r-devel-linux-x86_64-debian-clang 0.5-32 4.57 88.20 92.77 OK
r-devel-linux-x86_64-debian-gcc 0.5-32 4.73 63.50 68.23 OK
r-devel-linux-x86_64-fedora-clang 0.5-32 119.14 NOTE
r-devel-linux-x86_64-fedora-gcc 0.5-32 108.90 OK
r-devel-windows-ix86+x86_64 0.5-32 18.00 103.00 121.00 OK
r-patched-linux-x86_64 0.5-32 6.06 86.67 92.73 OK
r-patched-solaris-x86 0.5-32 163.60 OK
r-release-linux-x86_64 0.5-32 6.26 86.14 92.40 OK
r-release-macos-x86_64 0.5-32 OK
r-release-windows-ix86+x86_64 0.5-32 17.00 107.00 124.00 OK
r-oldrel-macos-x86_64 0.5-32 OK
r-oldrel-windows-ix86+x86_64 0.5-32 8.00 115.00 123.00 OK

Check Details

Version: 0.5-32
Check: Rd cross-references
Result: NOTE
    Undeclared package ‘sampleSelection’ in Rd xrefs
Flavor: r-devel-linux-x86_64-fedora-clang