CRAN Package Check Results for Package chorrrds

Last updated on 2020-08-19 01:49:55 CEST.

Flavor Version Tinstall Tcheck Ttotal Status Flags
r-devel-linux-x86_64-debian-clang 0.1.9.5 7.19 43.94 51.13 OK
r-devel-linux-x86_64-debian-gcc 0.1.9.5 6.81 35.67 42.48 OK
r-devel-linux-x86_64-fedora-clang 0.1.9.5 71.86 NOTE
r-devel-linux-x86_64-fedora-gcc 0.1.9.5 60.46 NOTE
r-devel-windows-ix86+x86_64 0.1.9.5 21.00 52.00 73.00 OK
r-patched-linux-x86_64 0.1.9.5 7.37 43.26 50.63 OK
r-patched-solaris-x86 0.1.9.5 102.70 NOTE
r-release-linux-x86_64 0.1.9.5 7.18 43.23 50.41 OK
r-release-macos-x86_64 0.1.9.5 NOTE
r-release-windows-ix86+x86_64 0.1.9.5 20.00 56.00 76.00 OK
r-oldrel-macos-x86_64 0.1.9.5 NOTE
r-oldrel-windows-ix86+x86_64 0.1.9.5 13.00 61.00 74.00 OK

Check Details

Version: 0.1.9.5
Check: dependencies in R code
Result: NOTE
    Namespace in Imports field not imported from: ‘forcats’
     All declared Imports should be used.
Flavors: r-devel-linux-x86_64-fedora-clang, r-devel-linux-x86_64-fedora-gcc, r-patched-solaris-x86, r-release-macos-x86_64, r-oldrel-macos-x86_64

Version: 0.1.9.5
Check: data for non-ASCII characters
Result: NOTE
     Note: found 4004 marked UTF-8 strings
Flavors: r-devel-linux-x86_64-fedora-clang, r-devel-linux-x86_64-fedora-gcc, r-patched-solaris-x86, r-release-macos-x86_64, r-oldrel-macos-x86_64