Last updated on 2020-08-19 01:49:55 CEST.
Flavor | Version | Tinstall | Tcheck | Ttotal | Status | Flags |
---|---|---|---|---|---|---|
r-devel-linux-x86_64-debian-clang | 0.49-1 | 12.48 | 97.26 | 109.74 | OK | |
r-devel-linux-x86_64-debian-gcc | 0.49-1 | 10.84 | 72.71 | 83.55 | OK | |
r-devel-linux-x86_64-fedora-clang | 0.49-1 | 134.93 | OK | |||
r-devel-linux-x86_64-fedora-gcc | 0.49-1 | 127.01 | OK | |||
r-devel-windows-ix86+x86_64 | 0.49-1 | 45.00 | 148.00 | 193.00 | OK | |
r-patched-linux-x86_64 | 0.49-1 | 12.65 | 96.31 | 108.96 | OK | |
r-patched-solaris-x86 | 0.49-1 | 169.10 | OK | |||
r-release-linux-x86_64 | 0.49-1 | 13.77 | 95.60 | 109.37 | OK | |
r-release-macos-x86_64 | 0.49-1 | OK | ||||
r-release-windows-ix86+x86_64 | 0.49-1 | 39.00 | 149.00 | 188.00 | OK | |
r-oldrel-macos-x86_64 | 0.49-1 | WARN | ||||
r-oldrel-windows-ix86+x86_64 | 0.49-1 | 26.00 | 185.00 | 211.00 | OK |
Version: 0.49-1
Check: whether package can be installed
Result: WARN
Found the following significant warnings:
Warning: 'rgl.init' failed, running with 'rgl.useNULL = TRUE'.
Flavor: r-oldrel-macos-x86_64