CRAN Package Check Results for Package cobalt

Last updated on 2020-08-19 01:49:55 CEST.

Flavor Version Tinstall Tcheck Ttotal Status Flags
r-devel-linux-x86_64-debian-clang 4.2.2 22.43 219.44 241.87 OK
r-devel-linux-x86_64-debian-gcc 4.2.2 21.56 159.82 181.38 OK
r-devel-linux-x86_64-fedora-clang 4.2.2 288.65 OK
r-devel-linux-x86_64-fedora-gcc 4.2.2 292.32 OK
r-devel-windows-ix86+x86_64 4.2.2 52.00 198.00 250.00 OK
r-patched-linux-x86_64 4.2.2 25.31 211.27 236.58 OK
r-patched-solaris-x86 4.2.2 382.70 OK
r-release-linux-x86_64 4.2.2 23.61 210.86 234.47 OK
r-release-macos-x86_64 4.2.2 OK
r-release-windows-ix86+x86_64 4.2.2 50.00 7.00 57.00 ERROR
r-oldrel-macos-x86_64 4.2.2 OK
r-oldrel-windows-ix86+x86_64 4.2.2 32.00 6.00 38.00 ERROR

Check Details

Version: 4.2.2
Check: package dependencies
Result: ERROR
    Package required and available but unsuitable version: 'backports'
    
    See section 'The DESCRIPTION file' in the 'Writing R Extensions'
    manual.
Flavors: r-release-windows-ix86+x86_64, r-oldrel-windows-ix86+x86_64