Last updated on 2020-08-19 01:49:55 CEST.
Flavor | Version | Tinstall | Tcheck | Ttotal | Status | Flags |
---|---|---|---|---|---|---|
r-devel-linux-x86_64-debian-clang | 1.2-1 | 4.90 | 281.15 | 286.05 | OK | |
r-devel-linux-x86_64-debian-gcc | 1.2-1 | 3.75 | 212.54 | 216.29 | OK | |
r-devel-linux-x86_64-fedora-clang | 1.2-1 | 318.90 | NOTE | |||
r-devel-linux-x86_64-fedora-gcc | 1.2-1 | 309.32 | OK | |||
r-devel-windows-ix86+x86_64 | 1.2-1 | 16.00 | 220.00 | 236.00 | NOTE | |
r-patched-linux-x86_64 | 1.2-1 | 4.40 | 276.78 | 281.18 | OK | |
r-patched-solaris-x86 | 1.2-1 | 286.40 | NOTE | |||
r-release-linux-x86_64 | 1.2-1 | 4.52 | 274.80 | 279.32 | OK | |
r-release-macos-x86_64 | 1.2-1 | NOTE | ||||
r-release-windows-ix86+x86_64 | 1.2-1 | 17.00 | 251.00 | 268.00 | NOTE | |
r-oldrel-macos-x86_64 | 1.2-1 | NOTE | ||||
r-oldrel-windows-ix86+x86_64 | 1.2-1 | 10.00 | 289.00 | 299.00 | NOTE |
Version: 1.2-1
Check: installed package size
Result: NOTE
installed size is 5.5Mb
sub-directories of 1Mb or more:
doc 2.6Mb
extdata 2.1Mb
Flavors: r-devel-linux-x86_64-fedora-clang, r-devel-windows-ix86+x86_64, r-patched-solaris-x86, r-release-macos-x86_64, r-release-windows-ix86+x86_64, r-oldrel-macos-x86_64, r-oldrel-windows-ix86+x86_64
Version: 1.2-1
Check: Rd cross-references
Result: NOTE
Undeclared package ‘plyr’ in Rd xrefs
Flavor: r-devel-linux-x86_64-fedora-clang