CRAN Package Check Results for Package combinat

Last updated on 2020-08-19 01:49:55 CEST.

Flavor Version Tinstall Tcheck Ttotal Status Flags
r-devel-linux-x86_64-debian-clang 0.0-8 2.07 19.16 21.23 NOTE
r-devel-linux-x86_64-debian-gcc 0.0-8 1.67 15.27 16.94 NOTE
r-devel-linux-x86_64-fedora-clang 0.0-8 35.52 NOTE
r-devel-linux-x86_64-fedora-gcc 0.0-8 25.81 NOTE
r-devel-windows-ix86+x86_64 0.0-8 7.00 26.00 33.00 NOTE
r-patched-linux-x86_64 0.0-8 1.83 19.24 21.07 NOTE
r-patched-solaris-x86 0.0-8 39.70 NOTE
r-release-linux-x86_64 0.0-8 2.20 19.05 21.25 NOTE
r-release-macos-x86_64 0.0-8 NOTE
r-release-windows-ix86+x86_64 0.0-8 5.00 30.00 35.00 NOTE
r-oldrel-macos-x86_64 0.0-8 NOTE
r-oldrel-windows-ix86+x86_64 0.0-8 4.00 37.00 41.00 NOTE

Check Details

Version: 0.0-8
Check: DESCRIPTION meta-information
Result: NOTE
    Malformed Description field: should contain one or more complete sentences.
Flavors: r-devel-linux-x86_64-debian-clang, r-devel-linux-x86_64-debian-gcc, r-devel-linux-x86_64-fedora-clang, r-devel-linux-x86_64-fedora-gcc, r-devel-windows-ix86+x86_64, r-patched-linux-x86_64, r-patched-solaris-x86, r-release-linux-x86_64, r-release-macos-x86_64, r-release-windows-ix86+x86_64, r-oldrel-macos-x86_64, r-oldrel-windows-ix86+x86_64