Last updated on 2020-08-19 01:49:55 CEST.
Flavor | Version | Tinstall | Tcheck | Ttotal | Status | Flags |
---|---|---|---|---|---|---|
r-devel-linux-x86_64-debian-clang | 0.2.0 | 3.77 | 23.73 | 27.50 | OK | |
r-devel-linux-x86_64-debian-gcc | 0.2.0 | 3.09 | 18.68 | 21.77 | OK | |
r-devel-linux-x86_64-fedora-clang | 0.2.0 | 42.47 | NOTE | |||
r-devel-linux-x86_64-fedora-gcc | 0.2.0 | 32.41 | NOTE | |||
r-devel-windows-ix86+x86_64 | 0.2.0 | 12.00 | 50.00 | 62.00 | OK | |
r-patched-linux-x86_64 | 0.2.0 | 4.12 | 23.57 | 27.69 | OK | |
r-patched-solaris-x86 | 0.2.0 | 43.80 | NOTE | |||
r-release-linux-x86_64 | 0.2.0 | 3.56 | 23.83 | 27.39 | OK | |
r-release-macos-x86_64 | 0.2.0 | NOTE | ||||
r-release-windows-ix86+x86_64 | 0.1.1 | 9.00 | 33.00 | 42.00 | OK | |
r-oldrel-macos-x86_64 | 0.2.0 | NOTE | ||||
r-oldrel-windows-ix86+x86_64 | 0.2.0 | 5.00 | 33.00 | 38.00 | OK |
Version: 0.2.0
Check: dependencies in R code
Result: NOTE
Namespace in Imports field not imported from: ‘R6’
All declared Imports should be used.
Flavors: r-devel-linux-x86_64-fedora-clang, r-devel-linux-x86_64-fedora-gcc, r-patched-solaris-x86, r-release-macos-x86_64, r-oldrel-macos-x86_64