Last updated on 2020-08-19 01:49:56 CEST.
Flavor | Version | Tinstall | Tcheck | Ttotal | Status | Flags |
---|---|---|---|---|---|---|
r-devel-linux-x86_64-debian-clang | 0.4.2 | 97.63 | 146.96 | 244.59 | OK | |
r-devel-linux-x86_64-debian-gcc | 0.4.2 | 67.71 | 100.91 | 168.62 | OK | |
r-devel-linux-x86_64-fedora-clang | 0.4.2 | 312.47 | NOTE | |||
r-devel-linux-x86_64-fedora-gcc | 0.4.2 | 277.44 | NOTE | |||
r-devel-windows-ix86+x86_64 | 0.4.2 | 253.00 | 233.00 | 486.00 | OK | |
r-patched-linux-x86_64 | 0.4.2 | 56.66 | 130.12 | 186.78 | OK | |
r-patched-solaris-x86 | 0.4.2 | 322.90 | NOTE | |||
r-release-linux-x86_64 | 0.4.2 | 69.80 | 129.49 | 199.29 | OK | |
r-release-macos-x86_64 | 0.4.2 | NOTE | ||||
r-release-windows-ix86+x86_64 | 0.4.2 | 232.00 | 186.00 | 418.00 | OK | |
r-oldrel-macos-x86_64 | 0.4.2 | NOTE | ||||
r-oldrel-windows-ix86+x86_64 | 0.4.2 | 170.00 | 216.00 | 386.00 | OK |
Version: 0.4.2
Check: data for non-ASCII characters
Result: NOTE
Note: found 532 marked UTF-8 strings
Flavors: r-devel-linux-x86_64-fedora-clang, r-devel-linux-x86_64-fedora-gcc, r-patched-solaris-x86, r-release-macos-x86_64, r-oldrel-macos-x86_64