Last updated on 2020-08-19 01:49:56 CEST.
Flavor | Version | Tinstall | Tcheck | Ttotal | Status | Flags |
---|---|---|---|---|---|---|
r-devel-linux-x86_64-debian-clang | 0.0.4 | 4.67 | 81.77 | 86.44 | NOTE | |
r-devel-linux-x86_64-debian-gcc | 0.0.4 | 3.81 | 60.32 | 64.13 | NOTE | |
r-devel-linux-x86_64-fedora-clang | 0.0.4 | 104.94 | NOTE | |||
r-devel-linux-x86_64-fedora-gcc | 0.0.4 | 101.50 | NOTE | |||
r-devel-windows-ix86+x86_64 | 0.0.4 | 11.00 | 134.00 | 145.00 | NOTE | |
r-patched-linux-x86_64 | 0.0.4 | 4.99 | 79.50 | 84.49 | NOTE | |
r-patched-solaris-x86 | 0.0.4 | 167.30 | NOTE | |||
r-release-linux-x86_64 | 0.0.4 | 4.86 | 79.24 | 84.10 | NOTE | |
r-release-macos-x86_64 | 0.0.4 | NOTE | ||||
r-release-windows-ix86+x86_64 | 0.0.4 | 11.00 | 99.00 | 110.00 | NOTE | |
r-oldrel-macos-x86_64 | 0.0.4 | NOTE | ||||
r-oldrel-windows-ix86+x86_64 | 0.0.4 | 6.00 | 121.00 | 127.00 | NOTE |
Version: 0.0.4
Check: DESCRIPTION meta-information
Result: NOTE
BugReports field is not a suitable URL but contains an email address:
use the Contact field instead
Flavors: r-devel-linux-x86_64-debian-clang, r-devel-linux-x86_64-debian-gcc, r-devel-linux-x86_64-fedora-clang, r-devel-linux-x86_64-fedora-gcc, r-devel-windows-ix86+x86_64, r-patched-linux-x86_64, r-patched-solaris-x86, r-release-linux-x86_64, r-release-macos-x86_64, r-release-windows-ix86+x86_64, r-oldrel-windows-ix86+x86_64
Version: 0.0.4
Check: DESCRIPTION meta-information
Result: NOTE
BugReports field is not a suitable URL but contains an email address
which will be used as from R 3.4.0
Flavor: r-oldrel-macos-x86_64