CRAN Package Check Results for Package curl

Last updated on 2020-08-19 01:49:56 CEST.

Flavor Version Tinstall Tcheck Ttotal Status Flags
r-devel-linux-x86_64-debian-clang 4.3 6.67 36.81 43.48 NOTE
r-devel-linux-x86_64-debian-gcc 4.3 5.21 29.07 34.28 NOTE
r-devel-linux-x86_64-fedora-clang 4.3 60.62 NOTE
r-devel-linux-x86_64-fedora-gcc 4.3 50.64 NOTE
r-devel-windows-ix86+x86_64 4.3 4.00 8.00 12.00 ERROR
r-patched-linux-x86_64 4.3 5.98 36.79 42.77 NOTE
r-patched-solaris-x86 4.3 75.50 NOTE
r-release-linux-x86_64 4.3 5.86 37.27 43.13 NOTE
r-release-macos-x86_64 4.3 ERROR
r-release-windows-ix86+x86_64 4.3 99.00 248.00 347.00 NOTE
r-oldrel-macos-x86_64 4.3 NOTE
r-oldrel-windows-ix86+x86_64 4.3 133.00 274.00 407.00 NOTE

Check Details

Version: 4.3
Check: compiled code
Result: NOTE
    File 'curl/libs/curl.so':
     Found non-API call to R: 'R_new_custom_connection'
    
    Compiled code should not call non-API entry points in R.
    
    See 'Writing portable packages' in the 'Writing R Extensions' manual.
Flavors: r-devel-linux-x86_64-debian-clang, r-devel-linux-x86_64-debian-gcc, r-devel-linux-x86_64-fedora-clang, r-devel-linux-x86_64-fedora-gcc, r-patched-linux-x86_64, r-patched-solaris-x86, r-release-linux-x86_64, r-release-macos-x86_64, r-oldrel-macos-x86_64

Version: 4.3
Check: whether package can be installed
Result: ERROR
    Installation failed.
Flavor: r-devel-windows-ix86+x86_64

Version: 4.3
Check: tests
Result: ERROR
     Running ‘spelling.R’ [0s/1s]
     Running ‘testthat.R’ [3s/38s]
    Running the tests in ‘tests/testthat.R’ failed.
    Complete output:
     > library(testthat)
     > library(curl)
     >
     > # Comply with CRAN policy: skip tests if no internet
     > if(curl::has_internet()){
     + test_check("curl")
     + }
     This is libcurl version 7.54.0 with LibreSSL/2.0.20
     Using test server: http://hb.opencpu.org
Flavor: r-release-macos-x86_64

Version: 4.3
Check: installed package size
Result: NOTE
     installed size is 9.0Mb
     sub-directories of 1Mb or more:
     doc 1.7Mb
     libs 7.1Mb
Flavors: r-release-windows-ix86+x86_64, r-oldrel-windows-ix86+x86_64

Version: 4.3
Check: compiled code
Result: NOTE
    File 'curl/libs/i386/curl.dll':
     Found non-API call to R: 'R_new_custom_connection'
    File 'curl/libs/x64/curl.dll':
     Found non-API call to R: 'R_new_custom_connection'
    
    Compiled code should not call non-API entry points in R.
    
    See 'Writing portable packages' in the 'Writing R Extensions' manual.
Flavors: r-release-windows-ix86+x86_64, r-oldrel-windows-ix86+x86_64