Last updated on 2020-08-19 01:49:56 CEST.
Flavor | Version | Tinstall | Tcheck | Ttotal | Status | Flags |
---|---|---|---|---|---|---|
r-devel-linux-x86_64-debian-clang | 0.3.0 | 4.44 | 74.47 | 78.91 | OK | |
r-devel-linux-x86_64-debian-gcc | 0.3.0 | 2.93 | 56.90 | 59.83 | OK | |
r-devel-linux-x86_64-fedora-clang | 0.3.0 | 98.80 | OK | |||
r-devel-linux-x86_64-fedora-gcc | 0.3.0 | 92.95 | OK | |||
r-devel-windows-ix86+x86_64 | 0.3.0 | 16.00 | 100.00 | 116.00 | OK | |
r-patched-linux-x86_64 | 0.3.0 | 4.22 | 72.71 | 76.93 | OK | |
r-patched-solaris-x86 | 0.3.0 | 141.60 | NOTE | |||
r-release-linux-x86_64 | 0.3.0 | 4.61 | 72.97 | 77.58 | OK | |
r-release-macos-x86_64 | 0.3.0 | OK | ||||
r-release-windows-ix86+x86_64 | 0.3.0 | 13.00 | 87.00 | 100.00 | OK | |
r-oldrel-macos-x86_64 | 0.3.0 | OK | ||||
r-oldrel-windows-ix86+x86_64 | 0.3.0 | 7.00 | 116.00 | 123.00 | OK |
Version: 0.3.0
Check: installed package size
Result: NOTE
installed size is 5.2Mb
sub-directories of 1Mb or more:
Pied_Flycatchers_1 2.5Mb
Pied_Flycatchers_2 1.3Mb
doc 1.2Mb
Flavor: r-patched-solaris-x86