Last updated on 2020-08-19 01:49:56 CEST.
Flavor | Version | Tinstall | Tcheck | Ttotal | Status | Flags |
---|---|---|---|---|---|---|
r-devel-linux-x86_64-debian-clang | 1.3.1 | 8.46 | 104.70 | 113.16 | OK | |
r-devel-linux-x86_64-debian-gcc | 1.3.1 | 6.43 | 76.54 | 82.97 | OK | |
r-devel-linux-x86_64-fedora-gcc | 1.3.1 | 134.71 | NOTE | |||
r-devel-windows-ix86+x86_64 | 1.3.1 | 24.00 | 190.00 | 214.00 | OK | |
r-patched-linux-x86_64 | 1.3.1 | 7.56 | 103.54 | 111.10 | OK | |
r-patched-solaris-x86 | 1.3.1 | 178.50 | NOTE | |||
r-release-linux-x86_64 | 1.3.1 | 6.84 | 102.75 | 109.59 | OK | |
r-release-macos-x86_64 | 1.3.1 | NOTE | ||||
r-release-windows-ix86+x86_64 | 1.3.1 | 25.00 | 156.00 | 181.00 | OK | |
r-oldrel-macos-x86_64 | 1.3.1 | NOTE | ||||
r-oldrel-windows-ix86+x86_64 | 1.3.1 | 12.00 | 171.00 | 183.00 | OK |
Version: 1.3.1
Check: dependencies in R code
Result: NOTE
Namespaces in Imports field not imported from:
‘future’ ‘iterators’ ‘readr’
All declared Imports should be used.
Flavors: r-devel-linux-x86_64-fedora-gcc, r-patched-solaris-x86, r-release-macos-x86_64, r-oldrel-macos-x86_64