Last updated on 2020-08-19 01:49:56 CEST.
Flavor | Version | Tinstall | Tcheck | Ttotal | Status | Flags |
---|---|---|---|---|---|---|
r-devel-linux-x86_64-debian-clang | 1.4.4 | 14.65 | 114.20 | 128.85 | OK | |
r-devel-linux-x86_64-debian-gcc | 1.4.4 | 10.28 | 86.11 | 96.39 | OK | |
r-devel-linux-x86_64-fedora-clang | 1.4.4 | 162.21 | NOTE | |||
r-devel-linux-x86_64-fedora-gcc | 1.4.4 | 149.60 | NOTE | |||
r-devel-windows-ix86+x86_64 | 1.4.4 | 34.00 | 137.00 | 171.00 | OK | |
r-patched-linux-x86_64 | 1.4.4 | 12.48 | 111.49 | 123.97 | OK | |
r-patched-solaris-x86 | 1.4.4 | 201.70 | NOTE | |||
r-release-linux-x86_64 | 1.4.4 | 14.05 | 110.92 | 124.97 | OK | |
r-release-macos-x86_64 | 1.4.4 | NOTE | ||||
r-release-windows-ix86+x86_64 | 1.4.4 | 36.00 | 118.00 | 154.00 | OK | |
r-oldrel-macos-x86_64 | 1.4.4 | NOTE | ||||
r-oldrel-windows-ix86+x86_64 | 1.4.4 | 21.00 | 127.00 | 148.00 | OK |
Version: 1.4.4
Check: dependencies in R code
Result: NOTE
Namespace in Imports field not imported from: ‘magrittr’
All declared Imports should be used.
Flavors: r-devel-linux-x86_64-fedora-clang, r-devel-linux-x86_64-fedora-gcc, r-patched-solaris-x86, r-release-macos-x86_64, r-oldrel-macos-x86_64
Version: 1.4.4
Check: package dependencies
Result: NOTE
Package suggested but not available for checking: ‘RPostgres’
Flavor: r-patched-solaris-x86