CRAN Package Check Results for Package depigner

Last updated on 2020-08-19 01:49:56 CEST.

Flavor Version Tinstall Tcheck Ttotal Status Flags
r-devel-linux-x86_64-debian-clang 0.8.1 4.47 42.44 46.91 OK
r-devel-linux-x86_64-debian-gcc 0.8.1 3.88 32.65 36.53 OK
r-devel-linux-x86_64-fedora-clang 0.8.1 64.34 NOTE
r-devel-linux-x86_64-fedora-gcc 0.8.1 54.10 OK
r-devel-windows-ix86+x86_64 0.8.1 28.00 63.00 91.00 OK
r-patched-linux-x86_64 0.8.1 3.52 41.45 44.97 OK
r-patched-solaris-x86 0.8.1 79.50 OK
r-release-linux-x86_64 0.8.1 4.88 40.70 45.58 OK
r-release-macos-x86_64 0.8.1 OK
r-release-windows-ix86+x86_64 0.8.1 19.00 60.00 79.00 OK
r-oldrel-macos-x86_64 0.8.1 OK
r-oldrel-windows-ix86+x86_64 0.8.1 9.00 63.00 72.00 OK

Check Details

Version: 0.8.1
Check: Rd cross-references
Result: NOTE
    Undeclared package ‘knitr’ in Rd xrefs
Flavor: r-devel-linux-x86_64-fedora-clang