CRAN Package Check Results for Package detectRUNS

Last updated on 2020-08-19 01:49:57 CEST.

Flavor Version Tinstall Tcheck Ttotal Status Flags
r-devel-linux-x86_64-debian-clang 0.9.6 30.65 80.44 111.09 OK
r-devel-linux-x86_64-debian-gcc 0.9.6 23.11 61.65 84.76 OK
r-devel-linux-x86_64-fedora-clang 0.9.6 147.07 NOTE
r-devel-linux-x86_64-fedora-gcc 0.9.6 136.14 OK
r-devel-windows-ix86+x86_64 0.9.6 88.00 152.00 240.00 NOTE
r-patched-linux-x86_64 0.9.6 27.80 78.53 106.33 OK
r-patched-solaris-x86 0.9.6 168.60 OK
r-release-linux-x86_64 0.9.6 26.53 78.43 104.96 OK
r-release-macos-x86_64 0.9.6 NOTE
r-release-windows-ix86+x86_64 0.9.6 89.00 127.00 216.00 NOTE
r-oldrel-macos-x86_64 0.9.6 NOTE
r-oldrel-windows-ix86+x86_64 0.9.6 62.00 148.00 210.00 OK

Check Details

Version: 0.9.6
Check: installed package size
Result: NOTE
     installed size is 5.5Mb
     sub-directories of 1Mb or more:
     extdata 2.1Mb
     libs 2.6Mb
Flavors: r-devel-linux-x86_64-fedora-clang, r-devel-windows-ix86+x86_64, r-release-macos-x86_64, r-release-windows-ix86+x86_64, r-oldrel-macos-x86_64