Last updated on 2020-08-19 01:49:57 CEST.
Flavor | Version | Tinstall | Tcheck | Ttotal | Status | Flags |
---|---|---|---|---|---|---|
r-devel-linux-x86_64-debian-clang | 1.8.2 | 2.52 | 69.13 | 71.65 | OK | |
r-devel-linux-x86_64-debian-gcc | 1.8.2 | 1.73 | 54.95 | 56.68 | OK | |
r-devel-linux-x86_64-fedora-clang | 1.8.2 | 93.84 | OK | |||
r-devel-linux-x86_64-fedora-gcc | 1.8.2 | 84.54 | OK | |||
r-devel-windows-ix86+x86_64 | 1.8.2 | 9.00 | 84.00 | 93.00 | OK | |
r-patched-linux-x86_64 | 1.8.2 | 2.49 | 67.81 | 70.30 | OK | |
r-patched-solaris-x86 | 1.8.2 | 140.20 | NOTE | |||
r-release-linux-x86_64 | 1.8.2 | 2.21 | 68.32 | 70.53 | OK | |
r-release-macos-x86_64 | 1.8.2 | NOTE | ||||
r-release-windows-ix86+x86_64 | 1.8.2 | 10.00 | 83.00 | 93.00 | OK | |
r-oldrel-macos-x86_64 | 1.8.2 | NOTE | ||||
r-oldrel-windows-ix86+x86_64 | 1.8.2 | 5.00 | 92.00 | 97.00 | OK |
Version: 1.8.2
Check: package dependencies
Result: NOTE
Package suggested but not available for checking: ‘doRedis’
Flavor: r-patched-solaris-x86
Version: 1.8.2
Check: package dependencies
Result: NOTE
Package suggested but not available for checking: ‘doMPI’
Flavors: r-release-macos-x86_64, r-oldrel-macos-x86_64
Version: 1.8.2
Check: Rd cross-references
Result: NOTE
Package unavailable to check Rd xrefs: ‘doMPI’
Flavors: r-release-macos-x86_64, r-oldrel-macos-x86_64